{"id":25,"date":"2016-06-26T17:01:10","date_gmt":"2016-06-26T17:01:10","guid":{"rendered":"http:\/\/dinkirke.no\/wordpress\/?page_id=25"},"modified":"2017-02-10T09:28:13","modified_gmt":"2017-02-10T09:28:13","slug":"huskirka-r42","status":"publish","type":"page","link":"http:\/\/dinkirke.no\/wordpress\/index.php\/huskirkene\/huskirka-r42\/","title":{"rendered":"Huskirka R42"},"content":{"rendered":"<p><img fetchpriority=\"high\" decoding=\"async\" class=\"wp-image-10 size-medium alignright\" src=\"http:\/\/dinkirke.no\/wordpress\/wp-content\/uploads\/2016\/06\/D11-b\u00f8nn-212x300.jpg\" alt=\"D11 b\u00f8nn\" width=\"212\" height=\"300\" srcset=\"http:\/\/dinkirke.no\/wordpress\/wp-content\/uploads\/2016\/06\/D11-b\u00f8nn-212x300.jpg 212w, http:\/\/dinkirke.no\/wordpress\/wp-content\/uploads\/2016\/06\/D11-b\u00f8nn.jpg 600w\" sizes=\"(max-width: 212px) 100vw, 212px\" \/>Sarita og Brede Wallumr\u00f8d er vertskap for huskirka som holder til i\u00a0Ruds\u00e5sveien 42. Sammen med sin familie med barn og ungdommer i ulike aldere lever de huskirkelivet. <a href=\"http:\/\/dinkirke.no\/wordpress\/index.php\/2012\/07\/08\/balfellesskapet\/\">Historien om b\u00e5lfellesskapet<\/a> har v\u00e6rt og er sentral i deres menighetsliv.<\/p>\n<p>Ellers kan disse to bibelversene si noe om det liv som leves i denne huskirka:<\/p>\n<p><em>\u00abEr det noen blant dere som lider? Da skal han be. Er noen glade til sinns? Da skal han synge lovsanger. Er noen blant dere syke? Han skal kalle til seg menighetens eldste, og de skal be over ham og salve ham med olje i Herrens navn. Da skal troens b\u00f8nn redde den syke, og Herren skal reise ham opp. Har han gjort synder, skal han f\u00e5 dem tilgitt. Bekjenn da syndene for hverandre og be for hverandre, s\u00e5 dere kan bli helbredet. Et rettferdig menneskes b\u00f8nn er virksom og utretter mye.\u00bb <\/em>(Jakob 5.13-16)<\/p>\n<p><em>\u00abHva mener jeg da s\u00f8sken? Jo, n\u00e5r dere kommer sammen, har \u00e9n en salme, en annen et ord til l\u00e6rdom, en har en \u00e5penbaring, en har tungetale, en annen har tydningen. Men la alt tjene til \u00e5 bygge opp.\u00bb <\/em>(1.kor.14.26)<\/p>\n<p>\u00d8nsker du \u00e5 vite mer og bli kjent med disse folka, s\u00e5 ta <a href=\"http:\/\/dinkirke.no\/wordpress\/index.php\/kontakt\/\">kontakt<\/a> med Brede eller Sarita.<\/p>\n<p>&nbsp;<\/p>\n","protected":false},"excerpt":{"rendered":"<p>Sarita og Brede Wallumr\u00f8d er vertskap for huskirka som holder til i\u00a0Ruds\u00e5sveien 42. Sammen med sin familie med barn og [&hellip;]<\/p>\n","protected":false},"author":1,"featured_media":0,"parent":18,"menu_order":0,"comment_status":"closed","ping_status":"closed","template":"","meta":{"footnotes":""},"class_list":["post-25","page","type-page","status-publish","hentry"],"_links":{"self":[{"href":"http:\/\/dinkirke.no\/wordpress\/index.php\/wp-json\/wp\/v2\/pages\/25","targetHints":{"allow":["GET"]}}],"collection":[{"href":"http:\/\/dinkirke.no\/wordpress\/index.php\/wp-json\/wp\/v2\/pages"}],"about":[{"href":"http:\/\/dinkirke.no\/wordpress\/index.php\/wp-json\/wp\/v2\/types\/page"}],"author":[{"embeddable":true,"href":"http:\/\/dinkirke.no\/wordpress\/index.php\/wp-json\/wp\/v2\/users\/1"}],"replies":[{"embeddable":true,"href":"http:\/\/dinkirke.no\/wordpress\/index.php\/wp-json\/wp\/v2\/comments?post=25"}],"version-history":[{"count":3,"href":"http:\/\/dinkirke.no\/wordpress\/index.php\/wp-json\/wp\/v2\/pages\/25\/revisions"}],"predecessor-version":[{"id":293,"href":"http:\/\/dinkirke.no\/wordpress\/index.php\/wp-json\/wp\/v2\/pages\/25\/revisions\/293"}],"up":[{"embeddable":true,"href":"http:\/\/dinkirke.no\/wordpress\/index.php\/wp-json\/wp\/v2\/pages\/18"}],"wp:attachment":[{"href":"http:\/\/dinkirke.no\/wordpress\/index.php\/wp-json\/wp\/v2\/media?parent=25"}],"curies":[{"name":"wp","href":"https:\/\/api.w.org\/{rel}","templated":true}]}}

<p><img fetchpriority="high" decoding="async" class="wp-image-10 size-medium alignright" src="http://dinkirke.no/wordpress/wp-content/uploads/2016/06/D11-bønn-212x300.jpg" alt="D11 bønn" width="212" height="300" srcset="http://dinkirke.no/wordpress/wp-content/uploads/2016/06/D11-bønn-212x300.jpg 212w, http://dinkirke.no/wordpress/wp-content/uploads/2016/06/D11-bønn.jpg 600w" sizes="(max-width: 212px) 100vw, 212px" />Sarita og Brede Wallumrød er vertskap for huskirka som holder til i Rudsåsveien 42. Sammen med sin familie med barn og ungdommer i ulike aldere lever de huskirkelivet. <a href="http://dinkirke.no/wordpress/index.php/2012/07/08/balfellesskapet/">Historien om bålfellesskapet</a> har vært og er sentral i deres menighetsliv.</p>
<p>Ellers kan disse to bibelversene si noe om det liv som leves i denne huskirka:</p>
<p><em>«Er det noen blant dere som lider? Da skal han be. Er noen glade til sinns? Da skal han synge lovsanger. Er noen blant dere syke? Han skal kalle til seg menighetens eldste, og de skal be over ham og salve ham med olje i Herrens navn. Da skal troens bønn redde den syke, og Herren skal reise ham opp. Har han gjort synder, skal han få dem tilgitt. Bekjenn da syndene for hverandre og be for hverandre, så dere kan bli helbredet. Et rettferdig menneskes bønn er virksom og utretter mye.» </em>(Jakob 5.13-16)</p>
<p><em>«Hva mener jeg da søsken? Jo, når dere kommer sammen, har én en salme, en annen et ord til lærdom, en har en åpenbaring, en har tungetale, en annen har tydningen. Men la alt tjene til å bygge opp.» </em>(1.kor.14.26)</p>
<p>Ønsker du å vite mer og bli kjent med disse folka, så ta <a href="http://dinkirke.no/wordpress/index.php/kontakt/">kontakt</a> med Brede eller Sarita.</p>
<p>&nbsp;</p>

<p>Sarita og Brede Wallumrød er vertskap for huskirka som holder til i Rudsåsveien 42. Sammen med sin familie med barn og [&hellip;]</p>
