{"id":22,"date":"2016-06-26T16:51:19","date_gmt":"2016-06-26T16:51:19","guid":{"rendered":"http:\/\/dinkirke.no\/wordpress\/?page_id=22"},"modified":"2019-11-07T14:17:15","modified_gmt":"2019-11-07T14:17:15","slug":"huskirka-gk12","status":"publish","type":"page","link":"http:\/\/dinkirke.no\/wordpress\/index.php\/huskirkene\/huskirka-gk12\/","title":{"rendered":"Huskirka GK12"},"content":{"rendered":"<p><img fetchpriority=\"high\" decoding=\"async\" class=\"size-large wp-image-14 aligncenter\" src=\"http:\/\/dinkirke.no\/wordpress\/wp-content\/uploads\/2016\/06\/IMG_4044-Dele-1024x480.jpg\" alt=\"IMG_4044-Dele\" width=\"800\" height=\"375\" srcset=\"http:\/\/dinkirke.no\/wordpress\/wp-content\/uploads\/2016\/06\/IMG_4044-Dele-1024x480.jpg 1024w, http:\/\/dinkirke.no\/wordpress\/wp-content\/uploads\/2016\/06\/IMG_4044-Dele-300x141.jpg 300w, http:\/\/dinkirke.no\/wordpress\/wp-content\/uploads\/2016\/06\/IMG_4044-Dele-768x360.jpg 768w, http:\/\/dinkirke.no\/wordpress\/wp-content\/uploads\/2016\/06\/IMG_4044-Dele.jpg 1200w\" sizes=\"(max-width: 800px) 100vw, 800px\" \/>\u00c5se og Geir \u00d8ystein Andersen er vertskap for huskirka som holder til i Gustava Kiellandsvei 12 p\u00e5 Gamlegrend\u00e5sen. Kjernen i fellesskapet best\u00e5r av 3 familier med barn og ungdommer.<\/p>\n<p>Huskirka samles de fleste helger enten til middagsfellesskap fredag eller frokostsamling s\u00f8ndag. Vi bytter p\u00e5 \u00e5 m\u00f8tes i de ulike husene\u00a0 . Disse samlingene st\u00e5r oftest p\u00e5 <a href=\"http:\/\/dinkirke.no\/wordpress\/index.php\/kalender\/\">kalenderen<\/a>, slik at det skal v\u00e6re mulig for alle som vil \u00e5 delta. Imidlertid skjer planlegging ofte kort tid i forkant.<\/p>\n<p>Skolebarna m\u00f8tes til \u00abJesus-skole-fellesskap\u00bb i huskirka onsdager etter skoletid. \u00c5se er sammen med barna i dette fellesskapet.<\/p>\n<p>Huskirka rommer ogs\u00e5 en \u00abminigruppe\u00bb best\u00e5ende av 3 damer som m\u00f8tes en formiddagstime med fokus p\u00e5 b\u00f8nn: tilbedelse, erkjennelse, takk og utfordringer.<\/p>\n<p>Vi st\u00f8tter et <a href=\"http:\/\/dinkirke.no\/wordpress\/index.php\/2016\/11\/17\/disippelhus-i-groruddalen\/\">disippelhus i Oslo<\/a> hvor en av ungdommene som har vokst opp i huskirka n\u00e5 bor.<\/p>\n<p>Vi har rom for flere i fellesskapet v\u00e5rt. Er du interessert eller nysgjerrig, s\u00e5 ta gjerne <a href=\"http:\/\/dinkirke.no\/wordpress\/index.php\/kontakt\/\">kontakt<\/a> med \u00c5se eller Geir \u00d8ystein.<\/p>\n<p><img decoding=\"async\" class=\"alignnone size-thumbnail wp-image-15 alignleft\" src=\"http:\/\/dinkirke.no\/wordpress\/wp-content\/uploads\/2016\/06\/IMG_6409-Dele-150x150.jpg\" alt=\"IMG_6409-Dele\" width=\"150\" height=\"150\" srcset=\"http:\/\/dinkirke.no\/wordpress\/wp-content\/uploads\/2016\/06\/IMG_6409-Dele-150x150.jpg 150w, http:\/\/dinkirke.no\/wordpress\/wp-content\/uploads\/2016\/06\/IMG_6409-Dele-400x400.jpg 400w\" sizes=\"(max-width: 150px) 100vw, 150px\" \/> <img decoding=\"async\" class=\"alignnone size-thumbnail wp-image-12 alignleft\" src=\"http:\/\/dinkirke.no\/wordpress\/wp-content\/uploads\/2016\/06\/IMG_0604-Dele-150x150.jpg\" alt=\"IMG_0604-Dele\" width=\"150\" height=\"150\" \/> <img loading=\"lazy\" decoding=\"async\" class=\"alignnone size-thumbnail wp-image-9 alignleft\" src=\"http:\/\/dinkirke.no\/wordpress\/wp-content\/uploads\/2016\/06\/MG_5835-Dele-150x150.jpg\" alt=\"_MG_5835-Dele\" width=\"150\" height=\"150\" srcset=\"http:\/\/dinkirke.no\/wordpress\/wp-content\/uploads\/2016\/06\/MG_5835-Dele-150x150.jpg 150w, http:\/\/dinkirke.no\/wordpress\/wp-content\/uploads\/2016\/06\/MG_5835-Dele-400x400.jpg 400w\" sizes=\"(max-width: 150px) 100vw, 150px\" \/><\/p>\n","protected":false},"excerpt":{"rendered":"<p>\u00c5se og Geir \u00d8ystein Andersen er vertskap for huskirka som holder til i Gustava Kiellandsvei 12 p\u00e5 Gamlegrend\u00e5sen. Kjernen i [&hellip;]<\/p>\n","protected":false},"author":1,"featured_media":0,"parent":18,"menu_order":0,"comment_status":"closed","ping_status":"closed","template":"","meta":{"footnotes":""},"class_list":["post-22","page","type-page","status-publish","hentry"],"_links":{"self":[{"href":"http:\/\/dinkirke.no\/wordpress\/index.php\/wp-json\/wp\/v2\/pages\/22","targetHints":{"allow":["GET"]}}],"collection":[{"href":"http:\/\/dinkirke.no\/wordpress\/index.php\/wp-json\/wp\/v2\/pages"}],"about":[{"href":"http:\/\/dinkirke.no\/wordpress\/index.php\/wp-json\/wp\/v2\/types\/page"}],"author":[{"embeddable":true,"href":"http:\/\/dinkirke.no\/wordpress\/index.php\/wp-json\/wp\/v2\/users\/1"}],"replies":[{"embeddable":true,"href":"http:\/\/dinkirke.no\/wordpress\/index.php\/wp-json\/wp\/v2\/comments?post=22"}],"version-history":[{"count":5,"href":"http:\/\/dinkirke.no\/wordpress\/index.php\/wp-json\/wp\/v2\/pages\/22\/revisions"}],"predecessor-version":[{"id":591,"href":"http:\/\/dinkirke.no\/wordpress\/index.php\/wp-json\/wp\/v2\/pages\/22\/revisions\/591"}],"up":[{"embeddable":true,"href":"http:\/\/dinkirke.no\/wordpress\/index.php\/wp-json\/wp\/v2\/pages\/18"}],"wp:attachment":[{"href":"http:\/\/dinkirke.no\/wordpress\/index.php\/wp-json\/wp\/v2\/media?parent=22"}],"curies":[{"name":"wp","href":"https:\/\/api.w.org\/{rel}","templated":true}]}}

<p><img fetchpriority="high" decoding="async" class="size-large wp-image-14 aligncenter" src="http://dinkirke.no/wordpress/wp-content/uploads/2016/06/IMG_4044-Dele-1024x480.jpg" alt="IMG_4044-Dele" width="800" height="375" srcset="http://dinkirke.no/wordpress/wp-content/uploads/2016/06/IMG_4044-Dele-1024x480.jpg 1024w, http://dinkirke.no/wordpress/wp-content/uploads/2016/06/IMG_4044-Dele-300x141.jpg 300w, http://dinkirke.no/wordpress/wp-content/uploads/2016/06/IMG_4044-Dele-768x360.jpg 768w, http://dinkirke.no/wordpress/wp-content/uploads/2016/06/IMG_4044-Dele.jpg 1200w" sizes="(max-width: 800px) 100vw, 800px" />Åse og Geir Øystein Andersen er vertskap for huskirka som holder til i Gustava Kiellandsvei 12 på Gamlegrendåsen. Kjernen i fellesskapet består av 3 familier med barn og ungdommer.</p>
<p>Huskirka samles de fleste helger enten til middagsfellesskap fredag eller frokostsamling søndag. Vi bytter på å møtes i de ulike husene  . Disse samlingene står oftest på <a href="http://dinkirke.no/wordpress/index.php/kalender/">kalenderen</a>, slik at det skal være mulig for alle som vil å delta. Imidlertid skjer planlegging ofte kort tid i forkant.</p>
<p>Skolebarna møtes til «Jesus-skole-fellesskap» i huskirka onsdager etter skoletid. Åse er sammen med barna i dette fellesskapet.</p>
<p>Huskirka rommer også en «minigruppe» bestående av 3 damer som møtes en formiddagstime med fokus på bønn: tilbedelse, erkjennelse, takk og utfordringer.</p>
<p>Vi støtter et <a href="http://dinkirke.no/wordpress/index.php/2016/11/17/disippelhus-i-groruddalen/">disippelhus i Oslo</a> hvor en av ungdommene som har vokst opp i huskirka nå bor.</p>
<p>Vi har rom for flere i fellesskapet vårt. Er du interessert eller nysgjerrig, så ta gjerne <a href="http://dinkirke.no/wordpress/index.php/kontakt/">kontakt</a> med Åse eller Geir Øystein.</p>
<p><img decoding="async" class="alignnone size-thumbnail wp-image-15 alignleft" src="http://dinkirke.no/wordpress/wp-content/uploads/2016/06/IMG_6409-Dele-150x150.jpg" alt="IMG_6409-Dele" width="150" height="150" srcset="http://dinkirke.no/wordpress/wp-content/uploads/2016/06/IMG_6409-Dele-150x150.jpg 150w, http://dinkirke.no/wordpress/wp-content/uploads/2016/06/IMG_6409-Dele-400x400.jpg 400w" sizes="(max-width: 150px) 100vw, 150px" /> <img decoding="async" class="alignnone size-thumbnail wp-image-12 alignleft" src="http://dinkirke.no/wordpress/wp-content/uploads/2016/06/IMG_0604-Dele-150x150.jpg" alt="IMG_0604-Dele" width="150" height="150" /> <img loading="lazy" decoding="async" class="alignnone size-thumbnail wp-image-9 alignleft" src="http://dinkirke.no/wordpress/wp-content/uploads/2016/06/MG_5835-Dele-150x150.jpg" alt="_MG_5835-Dele" width="150" height="150" srcset="http://dinkirke.no/wordpress/wp-content/uploads/2016/06/MG_5835-Dele-150x150.jpg 150w, http://dinkirke.no/wordpress/wp-content/uploads/2016/06/MG_5835-Dele-400x400.jpg 400w" sizes="(max-width: 150px) 100vw, 150px" /></p>

<p>Åse og Geir Øystein Andersen er vertskap for huskirka som holder til i Gustava Kiellandsvei 12 på Gamlegrendåsen. Kjernen i [&hellip;]</p>
