{"id":206,"date":"2016-09-22T09:30:01","date_gmt":"2016-09-22T09:30:01","guid":{"rendered":"http:\/\/dinkirke.no\/wordpress\/?page_id=206"},"modified":"2016-09-22T09:30:01","modified_gmt":"2016-09-22T09:30:01","slug":"livsnaer-gruppe","status":"publish","type":"page","link":"http:\/\/dinkirke.no\/wordpress\/index.php\/livsnaer-gruppe\/","title":{"rendered":"Livsn\u00e6r gruppe"},"content":{"rendered":"<table id=\"AutoNumber3\" border=\"0\" cellspacing=\"1\" cellpadding=\"2\" data-blogger-escaped-bordercolor=\"#111111\" data-blogger-escaped-style=\"border-collapse: collapse;\">\n<tbody>\n<tr>\n<td width=\"100%\"><\/td>\n<\/tr>\n<tr>\n<td width=\"100%\"><span style=\"font-family: 'arial' , 'helvetica' , sans-serif;\" data-blogger-escaped-style=\"font-family: Arial, Helvetica, sans-serif;\">En livsn\u00e6r gruppe best\u00e5r av kristne og ikke-kristne personer som m\u00f8tes jevnlig. Disse gruppene bygger p\u00e5 felles grunnprinsipper. Prinsippene i en livsn\u00e6r gruppe:<\/span><\/p>\n<ul>\n<li><span style=\"font-family: 'arial' , 'helvetica' , sans-serif;\" data-blogger-escaped-style=\"font-family: Arial, Helvetica, sans-serif;\">Jesus i sentrum. Jesus iblant dere <img fetchpriority=\"high\" decoding=\"async\" class=\"size-medium wp-image-207 alignright\" src=\"http:\/\/dinkirke.no\/wordpress\/wp-content\/uploads\/2016\/09\/iStock_000015387023XSmall-300x199.jpg\" alt=\"iStock_000015387023XSmall\" width=\"300\" height=\"199\" srcset=\"http:\/\/dinkirke.no\/wordpress\/wp-content\/uploads\/2016\/09\/iStock_000015387023XSmall-300x199.jpg 300w, http:\/\/dinkirke.no\/wordpress\/wp-content\/uploads\/2016\/09\/iStock_000015387023XSmall.jpg 425w\" sizes=\"(max-width: 300px) 100vw, 300px\" \/><\/span><\/li>\n<li><span style=\"font-family: 'arial' , 'helvetica' , sans-serif;\" data-blogger-escaped-style=\"font-family: Arial, Helvetica, sans-serif;\">Samfunn med hverandre <\/span><\/li>\n<li><span style=\"font-family: 'arial' , 'helvetica' , sans-serif;\" data-blogger-escaped-style=\"font-family: Arial, Helvetica, sans-serif;\">Ethvert medlem i modning og vekst <\/span><\/li>\n<li><span style=\"font-family: 'arial' , 'helvetica' , sans-serif;\" data-blogger-escaped-style=\"font-family: Arial, Helvetica, sans-serif;\">Gud til oss (vertikal dimensjon) <\/span><\/li>\n<li><span style=\"font-family: 'arial' , 'helvetica' , sans-serif;\" data-blogger-escaped-style=\"font-family: Arial, Helvetica, sans-serif;\">Du til meg, samspill i mellom gruppemedlemmene (horisontal dimensjon) <\/span><\/li>\n<li><span style=\"font-family: 'arial' , 'helvetica' , sans-serif;\" data-blogger-escaped-style=\"font-family: Arial, Helvetica, sans-serif;\">\u00c5penhet ovenfor omverdenen slik at kirkeuvante og ufrelste blir med (utadvendt dimensjon) <\/span><\/li>\n<\/ul>\n<p><span style=\"font-family: 'arial' , 'helvetica' , sans-serif;\" data-blogger-escaped-style=\"font-family: Arial, Helvetica, sans-serif;\">Prinsippene kan ogs\u00e5 beskrives slik:<\/span><\/p>\n<p><span style=\"font-family: 'arial' , 'helvetica' , sans-serif;\" data-blogger-escaped-style=\"font-family: Arial, Helvetica, sans-serif;\"><b><span style=\"color: #66669a;\" data-blogger-escaped-style=\"color: #66669a;\">V\u00e6re sammen<\/span><\/b><br \/>\nHvordan har vi det? Vi deler god ting som kan oppmuntre oss. Alle har noe \u00e5 takke for.<\/span><\/p>\n<p><span style=\"font-family: 'arial' , 'helvetica' , sans-serif;\" data-blogger-escaped-style=\"font-family: Arial, Helvetica, sans-serif;\"><b><span style=\"color: #66669a;\" data-blogger-escaped-style=\"color: #66669a;\">\u00c6re sammen<\/span><\/b><br \/>\nDet Gud som all \u00e6re skal ha. Vi takker han for alt som er godt. Med lovsang, med enkle b\u00f8nner til takk.<\/span><\/p>\n<p><span style=\"font-family: 'arial' , 'helvetica' , sans-serif;\" data-blogger-escaped-style=\"font-family: Arial, Helvetica, sans-serif;\"><b><span style=\"color: #66669a;\" data-blogger-escaped-style=\"color: #66669a;\">L\u00e6re sammen<\/span><\/b><br \/>\nHva opplever vi sammen med Gud? Hva l\u00e6rer Guds ord oss? Vi underviser stoff fra Bibelen og hjelper hverandre \u00e5 se hva det vi l\u00e6rer kan bety for oss i dag.<\/span><\/p>\n<p><span style=\"font-family: 'arial' , 'helvetica' , sans-serif;\" data-blogger-escaped-style=\"font-family: Arial, Helvetica, sans-serif;\"><b><span style=\"color: #66669a;\" data-blogger-escaped-style=\"color: #66669a;\">B\u00e6re samme<\/span><\/b><b><span style=\"color: #66669a;\" data-blogger-escaped-style=\"color: #66669a;\">n<\/span><\/b><br \/>\nVi hjelper hverandre med livet. Vi hjelper hverandre \u00e5 bringe Jesus ut til andre sm\u00e5 og store mennesker.<\/span><\/td>\n<\/tr>\n<\/tbody>\n<\/table>\n","protected":false},"excerpt":{"rendered":"<p>En livsn\u00e6r gruppe best\u00e5r av kristne og ikke-kristne personer som m\u00f8tes jevnlig. Disse gruppene bygger p\u00e5 felles grunnprinsipper. Prinsippene i [&hellip;]<\/p>\n","protected":false},"author":1,"featured_media":0,"parent":0,"menu_order":0,"comment_status":"closed","ping_status":"closed","template":"","meta":{"footnotes":""},"class_list":["post-206","page","type-page","status-publish","hentry"],"_links":{"self":[{"href":"http:\/\/dinkirke.no\/wordpress\/index.php\/wp-json\/wp\/v2\/pages\/206","targetHints":{"allow":["GET"]}}],"collection":[{"href":"http:\/\/dinkirke.no\/wordpress\/index.php\/wp-json\/wp\/v2\/pages"}],"about":[{"href":"http:\/\/dinkirke.no\/wordpress\/index.php\/wp-json\/wp\/v2\/types\/page"}],"author":[{"embeddable":true,"href":"http:\/\/dinkirke.no\/wordpress\/index.php\/wp-json\/wp\/v2\/users\/1"}],"replies":[{"embeddable":true,"href":"http:\/\/dinkirke.no\/wordpress\/index.php\/wp-json\/wp\/v2\/comments?post=206"}],"version-history":[{"count":1,"href":"http:\/\/dinkirke.no\/wordpress\/index.php\/wp-json\/wp\/v2\/pages\/206\/revisions"}],"predecessor-version":[{"id":208,"href":"http:\/\/dinkirke.no\/wordpress\/index.php\/wp-json\/wp\/v2\/pages\/206\/revisions\/208"}],"wp:attachment":[{"href":"http:\/\/dinkirke.no\/wordpress\/index.php\/wp-json\/wp\/v2\/media?parent=206"}],"curies":[{"name":"wp","href":"https:\/\/api.w.org\/{rel}","templated":true}]}}